 = 4 + 10. Suppose 0 = o*r - 9*r - 45. What is the units digit of r?
9
Let u(i) = i**2 + 3*i - 7. Let g be u(-5). Suppose -g*r = r - 312. What is the tens digit of r?
7
Let l(v) = v**2 - v. Let r(b) = -b**3 + 16*b**2 - b + 28. Let k(s) = -4*l(s) - r(s). What is the units digit of k(20)?
2
Let o = -176 + 312. What is the tens digit of o?
3
Let y(c) be the third derivative of -c**4/8 - 5*c**3/6 - 20*c**2. What is the units digit of y(-3)?
4
Let d(m) = -40*m - 2 + 23*m**2 + 16*m**2 + 42*m - 3. What is the tens digit of d(2)?
5
Suppose 5*w - 17 = 2*c + 24, -8 = -2*w + 5*c. Let x(m) = -w*m - 2 - 2 + 0 + 5. What is the tens digit of x(-2)?
1
Let q(j) = j - 2. Let t be q(5). Let p be 0 + (0 - (t + 0)). What is the tens digit of 1*(p + 6) + 30?
3
Let c = -23 + 25. Suppose -2 = -c*u - 6. Let p = 33 + u. What is the units digit of p?
1
Let f(z) = z**2 + 3*z - 4. Let u(a) = -a**2 - 2*a + 5. Let m(r) = -3*f(r) - 4*u(r). Let w = -7 + 13. What is the tens digit of m(w)?
2
Suppose -3*v + 967 = -341. What is the hundreds digit of v?
4
Let n(m) = -368*m - 2. Let h be n(2). Let q be h/24 + 2/(-8). Let g = q - -43. What is the tens digit of g?
1
Let b(w) = -w - 10. Let y be b(-8). What is the hundreds digit of (-8409)/(-45) - y/15?
1
Let i(f) = 3*f**2 - 4*f - 1. Suppose 3*t - 4*d - 28 = -2*t, 12 = 4*t + 2*d. Let m be i(t). Let g = m - 16. What is the tens digit of g?
1
Suppose 0 = 18*m - 21*m - 3, 3*m = -4*s + 3773. What is the hundreds digit of s?
9
Let v(w) = -2*w + w**2 + 2 + 6 - 6. Let x be v(7). Suppose x = 3*n + 4*g, 3*n + 5*g + 8 = 49. What is the units digit of n?
7
Let x be ((-2)/1)/(-2) - -19. Let d = x + -18. Suppose 3*u = -u - d*p + 126, -4*p = 4*u - 124. What is the units digit of u?
2
Let l = 1368 + -939. What is the tens digit of l?
2
Let h be ((3 + -3)/4)/1. Suppose 4*l + 20 = h, -7*l = 4*m - 3*l - 184. What is the tens digit of m?
5
Suppose 481 - 3435 = -14*k. Let v = k + -144. What is the tens digit of v?
6
Let j be (-2)/(-10)*-2 - 697/(-205). Suppose -2*r - 2*d = -3*d - 131, -5*r = -j*d - 327. What is the tens digit of r?
6
Let c(y) = -10*y + 2. Let t be (4/(-3))/((-1)/(-3)). Let v be c(t). What is the tens digit of (v/(-15))/((-1)/10)?
2
What is the tens digit of -290*12/15*-16 - -4?
1
Let t = 30 - 27. Suppose 0 = -t*c + 17 + 82. What is the tens digit of c?
3
Let g = 4820 - 979. What is the thousands digit of g?
3
Let r(n) = 3*n + 70. What is the tens digit of r(-7)?
4
Suppose 0 = -5*p + 4*c + 10775, -p + 2131 = -0*p + 4*c. What is the tens digit of p?
5
Suppose 4*t - 5*t + 6 = 0. Let n = t + -23. Let h = 31 + n. What is the units digit of h?
4
Suppose 2*h + 1 - 3 = -2*n, 2*n = -5*h + 2. Let x(j) = 5*j**3 - 1 + 58*j - 57*j + 3*j**3 + j**2. What is the units digit of x(n)?
9
Let d(x) = 7 + 13 - 2*x + 0*x. What is the units digit of d(-9)?
8
Suppose -10*i + 2*f + 8595 = -7*i, 2*i - 5*f - 5741 = 0. What is the thousands digit of i?
2
Suppose 63*m - 11*m = 158080. What is the units digit of m?
0
Suppose 0 = -9*p + 12*p - 9. Suppose 3*j = p*u - 57, 4*u + j = 37 + 19. What is the units digit of u?
5
Suppose -7462 = -69*b + 56*b. What is the tens digit of b?
7
Let m(c) = 19*c + 0 + 2 - 1 - 3*c. Let q = -4 + 5. What is the units digit of m(q)?
7
What is the tens digit of (57/2)/(-19)*616/(-6)?
5
Suppose 576 = 4*m - s - 3*s, -5*m = -s - 708. Suppose 20*g - m = 17*g. What is the units digit of g?
7
Suppose 0 = -7*h + 14640 + 3056. What is the thousands digit of h?
2
Let t(u) = -3*u + 6*u - 13 + 4*u + 31 + 4*u**2. What is the tens digit of t(-5)?
8
Let s be 4/(-16) - 2700/16. Let p = -77 - s. What is the units digit of p?
2
Suppose -4*z + 13508 = 7*z. What is the tens digit of z?
2
Suppose -74 - 130 = 6*a. Let r = -19 - a. What is the units digit of r?
5
What is the tens digit of (-18 - -2)/(8/(-48))?
9
Let x be (2/2 - 3) + 108. Suppose -286 = -4*i - x. What is the units digit of i?
5
Let p be 5*4/40*38. Suppose -7*g + 576 = -p. What is the units digit of g?
5
Suppose -3*b = 5*q + b - 95, -2*b + 70 = 4*q. Suppose -25 + q = -5*k. What is the units digit of k?
2
Suppose 210 + 88 = 2*m. Suppose -5*n = -186 - m. What is the units digit of n?
7
Let h(t) = -6*t**2 - 2*t**2 + 0*t - 1 + 15*t**2 - 4*t. What is the units digit of h(4)?
5
Suppose -12*o + 10729 = -14027. What is the units digit of o?
3
Let t = 52 + -64. What is the hundreds digit of (-2 - (-1168)/t)/((-4)/6)?
1
Let d(z) = 18*z - 4. Let s(o) = -35*o + 9. Let c(i) = 7*d(i) + 3*s(i). What is the tens digit of c(3)?
6
Let h(z) = 17*z - 10. Suppose 2*k + 4 = 0, -a - 14 = -3*a + 3*k. What is the tens digit of h(a)?
5
Let s = 4 - 2. Let b(d) = d**2 + 5*d. Let p be b(-5). Suppose p = s*t - 3 + 1. What is the units digit of t?
1
Let g = 24 + -14. What is the tens digit of (-4)/g - 681/(-15)?
4
Suppose -6*r - 110*r = -226548. What is the tens digit of r?
5
Suppose -12*q - 5*q = -3468. What is the hundreds digit of q?
2
Suppose 30 = -12*p + 5478. What is the units digit of p?
4
Let q be (0 + 2 - 3)*-3. Suppose 5*z + q*w = 25, z + 0*z = -3*w + 17. Suppose z*y + 162 = 5*y. What is the units digit of y?
4
Suppose 0 = -5*i + 2*a + 4, -2*a - 4 = -2*i. Let b = 33 - i. Let r = 61 - b. What is the tens digit of r?
2
Let o = 199 + -85. Let i = o - 62. What is the tens digit of i?
5
Suppose -5481 = 33*m - 40*m. What is the hundreds digit of m?
7
Suppose 5*a - 8826 = 2*a. Suppose 4*c = 2*y - 2354, y - 3*y + a = -5*c. What is the tens digit of (-4)/(-10) - c/30?
2
Suppose -v + 2*m = -1325, 95 + 3898 = 3*v + 3*m. What is the thousands digit of v?
1
Let i = 494 - -562. What is the hundreds digit of i?
0
Let s be (-21)/(15/(-6) + 1). Suppose -6*u + 62 = s. What is the units digit of u?
8
Let h = 71 - -50. Suppose 246 = 2*t + 4*n, 0 = -4*t + 2*n + 623 - h. Suppose -t - 50 = -5*p. What is the tens digit of p?
3
Suppose 3*f = -2*o + 3, 4*f + 5*o - 12 = f. What is the hundreds digit of -3*f/(-3) - -189?
1
Suppose -9*h + 6*h = -498. Suppose 4*x - 20 - 296 = -2*o, -h = -2*x - 5*o. What is the units digit of x?
8
Let x be ((-197)/2)/((-4)/(-8)). Let z = x + 351. What is the tens digit of z?
5
Let h be ((-2)/(-3))/((-9)/(-216)). Suppose c - 23 - 3 = 0. Let m = c - h. What is the tens digit of m?
1
Suppose 0 = -16*i + 895 + 6641. What is the tens digit of i?
7
Let d(z) = 27*z + 229. What is the tens digit of d(35)?
7
Suppose 0 = -8*m + 793 + 199. Let n = 37 + m. What is the units digit of n?
1
Let f = -40 - -42. Suppose -80 = -5*x - i, -4*x - f*i = -x - 55. What is the tens digit of x?
1
Suppose 3*g + 3*k = 6*k + 2112, -k = 4. What is the hundreds digit of g?
7
Let l = -641 - -1059. What is the hundreds digit of l?
4
Let u = -17 + 21. Suppose -2*h = x, -3*h = u*x + 13 + 12. Let m = x - -16. What is the units digit of m?
6
Suppose -8*y + 19 + 13 = 0. Suppose -4*a = -3*k - 5 - 13, -k = y*a - 10. What is the units digit of (-15)/45 - (-7)/a?
2
Let r(m) = 3*m + 112. What is the tens digit of r(-34)?
1
Let f(i) = i + 2. Let x be f(4). Let k be (-351)/x*6/(-9). Suppose 3*v = k + 33. What is the units digit of v?
4
Let c(k) be the second derivative of -2*k**3/3 + k**2 - k. Let y = 580 - 590. What is the tens digit of c(y)?
4
Suppose 3*u + 30 = -3*i, -19 = 2*i + 4*u - 3*u. What is the tens digit of 13 - 9/(i/3)?
1
Let k = -179 + 187. Let f(j) = j**3 + 7*j**2 + 7*j + 5. Let q be f(-6). What is the tens digit of (q - -3)/(1/k)?
1
Let a = -16 - -11. Let u(y) be the second derivative of y**4/6 + 5*y**3/6 - 3*y**2/2 - 15*y. What is the tens digit of u(a)?
2
Let o(m) = 3*m**2 + 4*m - 1. Suppose 3*c - v - 7 - 2 = 0, v - 15 = -5*c. Suppose c = -0*h - h. What is the tens digit of o(h)?
1
Suppose -2*l - 4*k + 10 = l, -l + 5*k + 35 = 0. What is the units digit of (-6)/l - (3 + 396/(-10))?
6
What is the thousands digit of 15/30 - 60543/(-14)?
4
Let a(i) = -i**3 - i**2 - 2*i - 11. Let t be a(0). Let r(k) = k**3 + 11*k**2 - 10*k + 4. What is the hundreds digit of r(t)?
1
Let g be 34 - (-3 - (-4 + 2)). Suppose g = 3*f + 5*j, 0 = -4*f + 3*j + 2*j + 35. Suppose 22 = f*x - 8*x. What is the units digit of x?
1
Suppose -614 + 3658 = 4*a. What is the units digit of a?
1
Let w be (2 + -5)*(-4)/3. Suppose -3*b = -4*l - 271, -2*b + 3*l - 158 = -w*b. What is the units digit of b?
5
Suppose -j + 34 = -5*s, 0 = -3*j - j + 3*s + 51. Suppose -5*q = 10, j = p - q 